to base 6.
210223
-10533 (base 10) to base 4
-2210211
Convert c85 (base 16) to base 10.
3205
What is 25342 (base 7) in base 5?
203234
-1100011100010 (base 2) to base 10
-6370
Convert -1405e (base 15) to base 5.
-4023324
-43113 (base 5) to base 14
-10ba
1588 (base 9) to base 2
10010111110
435 (base 15) to base 10
950
What is 1683 (base 11) in base 14?
ad6
1101200021 (base 3) to base 4
12231022
-12674 (base 8) to base 6
-41432
27 (base 8) to base 10
23
What is 19a36 (base 13) in base 4?
30032111
320 (base 12) to base 8
710
-4551 (base 6) to base 15
-4ba
Convert -1ac (base 15) to base 2.
-110000011
Convert -2381 (base 12) to base 7.
-14422
Convert -120102 (base 4) to base 9.
-2116
-3441 (base 6) to base 4
-30301
What is -231041 (base 5) in base 6?
-102143
-53 (base 7) to base 6
-102
104332 (base 5) to base 15
117c
What is 4344 (base 11) in base 16?
1667
547 (base 14) to base 10
1043
Convert abc (base 13) to base 12.
1099
What is -9040 (base 16) in base 13?
-13a68
Convert -931 (base 10) to base 3.
-1021111
Convert 13be (base 15) to base 9.
5718
What is 3055 (base 6) in base 9?
838
What is 2272 (base 12) in base 4?
323312
Convert -da9 (base 15) to base 16.
-c0c
Convert 40a (base 16) to base 15.
48e
403102 (base 5) to base 9
18625
What is c71 (base 13) in base 7?
6116
-411 (base 13) to base 5
-10230
Convert -294 (base 13) to base 15.
-209
Convert 13760 (base 9) to base 3.
110212000
What is a844 (base 13) in base 14?
873c
22133111 (base 4) to base 3
2011221022
What is -15134 (base 6) in base 2?
-100110000010
-51a7 (base 12) to base 13
-4096
Convert 1263 (base 7) to base 11.
402
What is -452243 (base 6) in base 15?
-b460
What is 138a (base 11) in base 13?
a7b
Convert 12030 (base 12) to base 7.
130431
What is 1a7 (base 15) in base 13?
235
Convert 445 (base 7) to base 2.
11100101
-13121 (base 4) to base 15
-218
What is 45060 (base 7) in base 2?
10110001100001
What is 10111 (base 3) in base 9?
114
105 (base 9) to base 3
10012
What is -2725 (base 9) in base 5?
-31143
Convert -27e (base 16) to base 3.
-212122
Convert 16474 (base 12) to base 6.
403024
Convert -1445 (base 10) to base 2.
-10110100101
What is -2443 (base 5) in base 6?
-1421
What is -32d5 (base 15) in base 6?
-121515
4146 (base 9) to base 2
101111011111
What is 1011012 (base 3) in base 15?
3b2
-b5aa (base 16) to base 13
-18225
What is -364 (base 9) in base 11?
-254
501340 (base 6) to base 5
2223403
-10a8 (base 16) to base 10
-4264
2285 (base 9) to base 7
4643
What is ba01 (base 14) in base 6?
404453
1011110 (base 2) to base 14
6a
Convert 97 (base 11) to base 16.
6a
What is -2abab (base 12) in base 6?
-1143535
Convert -1514 (base 14) to base 4.
-322132
What is 17132 (base 9) in base 4?
2313332
-22401 (base 6) to base 3
-11100101
37b1 (base 15) to base 6
130534
363 (base 13) to base 6
2420
Convert 7548 (base 10) to base 7.
31002
bc8a (base 14) to base 11
2259a
-30190 (base 10) to base 12
-1557a
What is 11011 (base 5) in base 8?
1364
Convert 1bc (base 16) to base 9.
543
Convert 164a (base 11) to base 6.
13435
Convert 330b (base 12) to base 14.
209d
Convert -617a (base 11) to base 6.
-101534
2010102 (base 3) to base 11
118a
What is -5254 (base 8) in base 3?
-10202012
Convert 1171 (base 11) to base 4.
113322
Convert 46 (base 16) to base 14.
50
-2aa76 (base 11) to base 15
-d00a
Convert 2133 (base 9) to base 10.
1569
c59 (base 16) to base 3
11100002
Convert -464 (base 7) to base 4.
-3302
What is 204 (base 5) in base 16?
36
-46 (base 15) to base 6
-150
Convert -3960 (base 10) to base 8.
-7570
-34e (base 15) to base 12
-525
Convert -2142 (base 5) to base 15.
-14c
What is 41a (base 14) in base 13?
4a2
What is 3133430 (base 5) in base 7?
305445
What is 20102122 (base 3) in base 13?
2198
Convert -a3a4 (base 11) to base 13.
-6377
Convert -423 (base 11) to base 5.
-4014
Convert -23011333 (base 4) to base 6.
-550211
-5687 (base 11) to base 9
-11226
25 (base 16) to base 12
31
What is -1112221 (base 3) in base 7?
-3205
-727 (base 8) to base 15
-216
105164 (base 9) to base 16
f571
1bc (base 16) to base 14
23a
What is -4524 (base 13) in base 4?
-2112333
246 (base 7) to base 8
204
What is -171 (base 16) in base 4?
-11301
-13578 (base 15) to base 5
-3440423
What is -98b8 (base 15) in base 14?
-bb08
Convert -3300 (base 8) to base 2.
-11011000000
-1031212 (base 4) to base 15
-1711
-4076 (base 10) to base 4
-333230
Convert 21386 (base 10) to base 16.
538a
What is 249 (base 10) in base 5?
1444
Convert 1434 (base 8) to base 2.
1100011100
1406 (base 9) to base 16
423
-14151 (base 8) to base 15
-1cb9
What is 25010 (base 6) in base 15?
1153
What is -101111111 (base 2) in base 6?
-1435
-124 (base 16) to base 11
-246
Convert 6613 (base 9) to base 8.
11410
What is -717 (base 16) in base 12?
-1073
cc (base 14) to base 3
20200
Convert -2164 (base 8) to base 6.
-5140
-1100001000111 (base 2) to base 14
-239d
Convert 7929 (base 10) to base 3.
101212200
Convert -2342 (base 5) to base 7.
-1004
What is 451 (base 7) in base 15?
107
What is -12211100 (base 3) in base 7?
-15246
What is -15956 (base 10) in base 7?
-64343
What is -9309 (base 10) in base 12?
-5479
Convert 28662 (base 9) to base 8.
46050
What is 7608 (base 12) in base 9?
18708
Convert 3355 (base 12) to base 8.
13061
What is 25331 (base 8) in base 2?
10101011011001
Convert -1440021 (base 6) to base 15.
-198a7
What is 439 (base 13) in base 5?
10344
-131232 (base 4) to base 8
-3556
What is -853 (base 13) in base 15?
-64a
Convert 2b389 (base 12) to base 4.
32321121
-3333 (base 4) to base 12
-193
-3040 (base 6) to base 2
-1010100000
a78 (base 13) to base 9
2407
What is -1010010010011101 (base 2) in base 5?
-2322031
What is -1000001001010001 (base 2) in base 12?
-17381
What is -912 (base 10) in base 11?
-75a
-160 (base 7) to base 10
-91
-163 (base 7) to base 6
-234
-bb55 (base 13) to base 12
-13128
What is -51313 (base 6) in base 14?
-26a9
Convert -11101010000 (base 2) to base 3.
-2120100
322101 (base 4) to base 9
5103
What is 21210 (base 6) in base 8?
5506
-4012 (base 6) to base 4
-31220
What is 18721 (base 10) in base 3?
221200101
What is -1200110 (base 4) in base 11?
-46a4
-12327 (base 9) to base 10
-8287
Convert -186a (base 14) to base 6.
-32222
-10111111110110 (base 2) to base 8
-27766
Convert 1162 (base 8) to base 15.
2bb
-2492 (base 10) to base 3
-10102022
What is 1ef (base 16) in base 3?
200100
Convert 10000010110 (base 2) to base 7.
3023
Convert 1bb6 (base 15) to base 13.
2982
Convert -135373 (base 8) to base 10.
-47867
45ce (base 16) to base 8
42716
Convert -860 (base 9) to base 10.
-702
Convert 98 (base 14) to base 2.
10000110
Convert -1213133 (base 4) to base 14.
-25b1
Convert -101110000 (base 2) to base 6.
-1412
Convert 24140 (base 5) to base 2.
11100000011
-27b (base 14) to base 5
-4001
What is 101010001110101 (base 2) in base 16?
5475
Convert 977d (base 16) to base 9.
58170
Convert 1001110000001111 (base 2) to base 14.
107b9
Convert -534 (base 6) to base 11.
-174
Convert 213434 (base 6) to base 11.
122a7
What is -181 (base 14) in base 16?
-135
Convert 19 (base 13) to base 8.
26
-757 (base 8) to base 15
-230
What is 260 (base 11) in base 3?
102102
Convert -32062 (base 8) to base 14.
-4c26
What is -c365 (base 14) in base 13?
-123b0
-31343 (base 5) to base 6
-13414
Convert 14600 (base 8) to base 7.
25014
-110551 (base 7) to base 12
-b341
What is -782 (base 9) in base 14?
-33b
Convert -479 (base 14) to base 12.
-623
What is -52e (base 16) in base 6?
-10050
What is 447 (base 9) in base 6?
1411
-4 (base 12) to base 5
-4
Convert 420 (base 7) to base 16.
d2
Convert 1a2 (base 13) to base 16.
12d
Convert eab (base 16) to base 10.
3755
-31646 (base 7) to base 16
-1ec2
-23d (base 16) to base 2
-1000111101
What is 41923 (base 11) in base 5?
3423014
Convert -810 (base 10) to base 4.
-30222
-4343 (base 7) to base 15
-6d5
-22320 (base 4) to base 15
-316
13303 (base 6) to base 14
a6b
What is 7608 (base 9) in base 8?
12735
Convert -111 (base 16) to base 11.
-229
Convert 332101 (base 4) to base 14.
1649
What is 6112 (base 8) in base 11?
2400
61463 (base 7) to base 12
8812
-6664 (base 7) to base 9
-3254
Convert -150e (base 15) to base 12.
-2742
Convert -377 (base 10) to base 16.
-179
What is 250d (base 16) in base 15?
2c25
What is -407 (base 13) in base 11?
-571
-101022221 (base 